{"id":106,"date":"2021-10-14T10:59:32","date_gmt":"2021-10-14T08:59:32","guid":{"rendered":"https:\/\/www.lapharmacie-verte.com\/?page_id=106"},"modified":"2023-01-12T10:04:06","modified_gmt":"2023-01-12T09:04:06","slug":"recrutement","status":"publish","type":"page","link":"https:\/\/www.lapharmacie-verte.com\/index.php\/recrutement\/","title":{"rendered":"Recrutement"},"content":{"rendered":"\n<p>Pas de recrutement en cours !<\/p>\n","protected":false},"excerpt":{"rendered":"<p>Pas de recrutement en cours !<\/p>\n","protected":false},"author":1,"featured_media":0,"parent":0,"menu_order":0,"comment_status":"closed","ping_status":"closed","template":"","meta":{"footnotes":""},"class_list":["post-106","page","type-page","status-publish","hentry"],"yoast_head":"<!-- This site is optimized with the Yoast SEO plugin v21.8 - https:\/\/yoast.com\/wordpress\/plugins\/seo\/ -->\n<title>Recrutement - Pharmacie Qu\u00e9ven<\/title>\n<meta name=\"robots\" content=\"index, follow, max-snippet:-1, max-image-preview:large, max-video-preview:-1\" \/>\n<link rel=\"canonical\" href=\"https:\/\/www.lapharmacie-verte.com\/index.php\/recrutement\/\" \/>\n<meta property=\"og:locale\" content=\"fr_FR\" \/>\n<meta property=\"og:type\" content=\"article\" \/>\n<meta property=\"og:title\" content=\"Recrutement - Pharmacie Qu\u00e9ven\" \/>\n<meta property=\"og:description\" content=\"Pas de recrutement en cours !\" \/>\n<meta property=\"og:url\" content=\"https:\/\/www.lapharmacie-verte.com\/index.php\/recrutement\/\" \/>\n<meta property=\"og:site_name\" content=\"Pharmacie Qu\u00e9ven\" \/>\n<meta property=\"article:modified_time\" content=\"2023-01-12T09:04:06+00:00\" \/>\n<meta name=\"twitter:card\" content=\"summary_large_image\" \/>\n<meta name=\"twitter:label1\" content=\"Dur\u00e9e de lecture estim\u00e9e\" \/>\n\t<meta name=\"twitter:data1\" content=\"1 minute\" \/>\n<script type=\"application\/ld+json\" class=\"yoast-schema-graph\">{\"@context\":\"https:\/\/schema.org\",\"@graph\":[{\"@type\":\"WebPage\",\"@id\":\"https:\/\/www.lapharmacie-verte.com\/index.php\/recrutement\/\",\"url\":\"https:\/\/www.lapharmacie-verte.com\/index.php\/recrutement\/\",\"name\":\"Recrutement - Pharmacie Qu\u00e9ven\",\"isPartOf\":{\"@id\":\"https:\/\/www.lapharmacie-verte.com\/#website\"},\"datePublished\":\"2021-10-14T08:59:32+00:00\",\"dateModified\":\"2023-01-12T09:04:06+00:00\",\"breadcrumb\":{\"@id\":\"https:\/\/www.lapharmacie-verte.com\/index.php\/recrutement\/#breadcrumb\"},\"inLanguage\":\"fr-FR\",\"potentialAction\":[{\"@type\":\"ReadAction\",\"target\":[\"https:\/\/www.lapharmacie-verte.com\/index.php\/recrutement\/\"]}]},{\"@type\":\"BreadcrumbList\",\"@id\":\"https:\/\/www.lapharmacie-verte.com\/index.php\/recrutement\/#breadcrumb\",\"itemListElement\":[{\"@type\":\"ListItem\",\"position\":1,\"name\":\"Accueil\",\"item\":\"https:\/\/www.lapharmacie-verte.com\/\"},{\"@type\":\"ListItem\",\"position\":2,\"name\":\"Recrutement\"}]},{\"@type\":\"WebSite\",\"@id\":\"https:\/\/www.lapharmacie-verte.com\/#website\",\"url\":\"https:\/\/www.lapharmacie-verte.com\/\",\"name\":\"Pharmacie Qu\u00e9ven\",\"description\":\"La Pharmacie Verte\",\"publisher\":{\"@id\":\"https:\/\/www.lapharmacie-verte.com\/#organization\"},\"potentialAction\":[{\"@type\":\"SearchAction\",\"target\":{\"@type\":\"EntryPoint\",\"urlTemplate\":\"https:\/\/www.lapharmacie-verte.com\/?s={search_term_string}\"},\"query-input\":\"required name=search_term_string\"}],\"inLanguage\":\"fr-FR\"},{\"@type\":\"Organization\",\"@id\":\"https:\/\/www.lapharmacie-verte.com\/#organization\",\"name\":\"Pharmacie Qu\u00e9ven\",\"url\":\"https:\/\/www.lapharmacie-verte.com\/\",\"logo\":{\"@type\":\"ImageObject\",\"inLanguage\":\"fr-FR\",\"@id\":\"https:\/\/www.lapharmacie-verte.com\/#\/schema\/logo\/image\/\",\"url\":\"https:\/\/www.lapharmacie-verte.com\/wp-content\/uploads\/2020\/01\/cropped-logo-la-pharmacie-verte.jpg\",\"contentUrl\":\"https:\/\/www.lapharmacie-verte.com\/wp-content\/uploads\/2020\/01\/cropped-logo-la-pharmacie-verte.jpg\",\"width\":187,\"height\":40,\"caption\":\"Pharmacie Qu\u00e9ven\"},\"image\":{\"@id\":\"https:\/\/www.lapharmacie-verte.com\/#\/schema\/logo\/image\/\"}}]}<\/script>\n<!-- \/ Yoast SEO plugin. -->","yoast_head_json":{"title":"Recrutement - Pharmacie Qu\u00e9ven","robots":{"index":"index","follow":"follow","max-snippet":"max-snippet:-1","max-image-preview":"max-image-preview:large","max-video-preview":"max-video-preview:-1"},"canonical":"https:\/\/www.lapharmacie-verte.com\/index.php\/recrutement\/","og_locale":"fr_FR","og_type":"article","og_title":"Recrutement - Pharmacie Qu\u00e9ven","og_description":"Pas de recrutement en cours !","og_url":"https:\/\/www.lapharmacie-verte.com\/index.php\/recrutement\/","og_site_name":"Pharmacie Qu\u00e9ven","article_modified_time":"2023-01-12T09:04:06+00:00","twitter_card":"summary_large_image","twitter_misc":{"Dur\u00e9e de lecture estim\u00e9e":"1 minute"},"schema":{"@context":"https:\/\/schema.org","@graph":[{"@type":"WebPage","@id":"https:\/\/www.lapharmacie-verte.com\/index.php\/recrutement\/","url":"https:\/\/www.lapharmacie-verte.com\/index.php\/recrutement\/","name":"Recrutement - Pharmacie Qu\u00e9ven","isPartOf":{"@id":"https:\/\/www.lapharmacie-verte.com\/#website"},"datePublished":"2021-10-14T08:59:32+00:00","dateModified":"2023-01-12T09:04:06+00:00","breadcrumb":{"@id":"https:\/\/www.lapharmacie-verte.com\/index.php\/recrutement\/#breadcrumb"},"inLanguage":"fr-FR","potentialAction":[{"@type":"ReadAction","target":["https:\/\/www.lapharmacie-verte.com\/index.php\/recrutement\/"]}]},{"@type":"BreadcrumbList","@id":"https:\/\/www.lapharmacie-verte.com\/index.php\/recrutement\/#breadcrumb","itemListElement":[{"@type":"ListItem","position":1,"name":"Accueil","item":"https:\/\/www.lapharmacie-verte.com\/"},{"@type":"ListItem","position":2,"name":"Recrutement"}]},{"@type":"WebSite","@id":"https:\/\/www.lapharmacie-verte.com\/#website","url":"https:\/\/www.lapharmacie-verte.com\/","name":"Pharmacie Qu\u00e9ven","description":"La Pharmacie Verte","publisher":{"@id":"https:\/\/www.lapharmacie-verte.com\/#organization"},"potentialAction":[{"@type":"SearchAction","target":{"@type":"EntryPoint","urlTemplate":"https:\/\/www.lapharmacie-verte.com\/?s={search_term_string}"},"query-input":"required name=search_term_string"}],"inLanguage":"fr-FR"},{"@type":"Organization","@id":"https:\/\/www.lapharmacie-verte.com\/#organization","name":"Pharmacie Qu\u00e9ven","url":"https:\/\/www.lapharmacie-verte.com\/","logo":{"@type":"ImageObject","inLanguage":"fr-FR","@id":"https:\/\/www.lapharmacie-verte.com\/#\/schema\/logo\/image\/","url":"https:\/\/www.lapharmacie-verte.com\/wp-content\/uploads\/2020\/01\/cropped-logo-la-pharmacie-verte.jpg","contentUrl":"https:\/\/www.lapharmacie-verte.com\/wp-content\/uploads\/2020\/01\/cropped-logo-la-pharmacie-verte.jpg","width":187,"height":40,"caption":"Pharmacie Qu\u00e9ven"},"image":{"@id":"https:\/\/www.lapharmacie-verte.com\/#\/schema\/logo\/image\/"}}]}},"_links":{"self":[{"href":"https:\/\/www.lapharmacie-verte.com\/index.php\/wp-json\/wp\/v2\/pages\/106","targetHints":{"allow":["GET"]}}],"collection":[{"href":"https:\/\/www.lapharmacie-verte.com\/index.php\/wp-json\/wp\/v2\/pages"}],"about":[{"href":"https:\/\/www.lapharmacie-verte.com\/index.php\/wp-json\/wp\/v2\/types\/page"}],"author":[{"embeddable":true,"href":"https:\/\/www.lapharmacie-verte.com\/index.php\/wp-json\/wp\/v2\/users\/1"}],"replies":[{"embeddable":true,"href":"https:\/\/www.lapharmacie-verte.com\/index.php\/wp-json\/wp\/v2\/comments?post=106"}],"version-history":[{"count":3,"href":"https:\/\/www.lapharmacie-verte.com\/index.php\/wp-json\/wp\/v2\/pages\/106\/revisions"}],"predecessor-version":[{"id":117,"href":"https:\/\/www.lapharmacie-verte.com\/index.php\/wp-json\/wp\/v2\/pages\/106\/revisions\/117"}],"wp:attachment":[{"href":"https:\/\/www.lapharmacie-verte.com\/index.php\/wp-json\/wp\/v2\/media?parent=106"}],"curies":[{"name":"wp","href":"https:\/\/api.w.org\/{rel}","templated":true}]}}